{"id":103,"date":"2024-06-21T14:44:20","date_gmt":"2024-06-21T18:44:20","guid":{"rendered":"https:\/\/madeforhumans.ca\/?page_id=103"},"modified":"2024-06-26T10:02:52","modified_gmt":"2024-06-26T14:02:52","slug":"103-2","status":"publish","type":"page","link":"https:\/\/madeforhumans.ca\/index.php\/103-2\/","title":{"rendered":"A propos \/ About"},"content":{"rendered":"\n<p>Bas\u00e9e \u00e0 Montr\u00e9al, Made for Humans est une agence de design industriel. Son nom est issu d&#8217;un constat: l&#8217;humain doit trop souvent s&#8217;adapter aux nouvelles technologies plut\u00f4t que l&#8217;inverse. Il s&#8217;agit donc d&#8217;humaniser le processus de cr\u00e9ation et le produit lui-m\u00eame.<\/p>\n\n\n\n<p>Made for Humans op\u00e8re dans plusieurs domaines tels que le design d&#8217;environnement, d&#8217;objets et de gestion de projets. Le point de d\u00e9part est toujours le m\u00eame: une id\u00e9e, un besoin. Alliant cr\u00e9ativit\u00e9 et intemporalit\u00e9, Made for Humans propose un design simple et \u00e9pur\u00e9.<\/p>\n\n\n\n<p>Madeforhumans est fabriqu\u00e9 \u00e0 Montr\u00e9al avec beaucoup d&#8217;amour!<\/p>\n","protected":false},"excerpt":{"rendered":"<p>Bas\u00e9e \u00e0 Montr\u00e9al, Made for Humans est une agence de design industriel. Son nom est issu d&#8217;un constat: l&#8217;humain doit [&hellip;]<\/p>\n","protected":false},"author":1,"featured_media":0,"parent":0,"menu_order":0,"comment_status":"closed","ping_status":"closed","template":"","meta":{"site-sidebar-layout":"default","site-content-layout":"","ast-site-content-layout":"","site-content-style":"default","site-sidebar-style":"default","ast-global-header-display":"","ast-banner-title-visibility":"","ast-main-header-display":"","ast-hfb-above-header-display":"","ast-hfb-below-header-display":"","ast-hfb-mobile-header-display":"","site-post-title":"","ast-breadcrumbs-content":"","ast-featured-img":"","footer-sml-layout":"","theme-transparent-header-meta":"","adv-header-id-meta":"","stick-header-meta":"","header-above-stick-meta":"","header-main-stick-meta":"","header-below-stick-meta":"","astra-migrate-meta-layouts":"default","ast-page-background-enabled":"default","ast-page-background-meta":{"desktop":{"background-color":"var(--ast-global-color-4)","background-image":"","background-repeat":"repeat","background-position":"center center","background-size":"auto","background-attachment":"scroll","background-type":"","background-media":"","overlay-type":"","overlay-color":"","overlay-opacity":"","overlay-gradient":""},"tablet":{"background-color":"","background-image":"","background-repeat":"repeat","background-position":"center center","background-size":"auto","background-attachment":"scroll","background-type":"","background-media":"","overlay-type":"","overlay-color":"","overlay-opacity":"","overlay-gradient":""},"mobile":{"background-color":"","background-image":"","background-repeat":"repeat","background-position":"center center","background-size":"auto","background-attachment":"scroll","background-type":"","background-media":"","overlay-type":"","overlay-color":"","overlay-opacity":"","overlay-gradient":""}},"ast-content-background-meta":{"desktop":{"background-color":"var(--ast-global-color-5)","background-image":"","background-repeat":"repeat","background-position":"center center","background-size":"auto","background-attachment":"scroll","background-type":"","background-media":"","overlay-type":"","overlay-color":"","overlay-opacity":"","overlay-gradient":""},"tablet":{"background-color":"var(--ast-global-color-5)","background-image":"","background-repeat":"repeat","background-position":"center center","background-size":"auto","background-attachment":"scroll","background-type":"","background-media":"","overlay-type":"","overlay-color":"","overlay-opacity":"","overlay-gradient":""},"mobile":{"background-color":"var(--ast-global-color-5)","background-image":"","background-repeat":"repeat","background-position":"center center","background-size":"auto","background-attachment":"scroll","background-type":"","background-media":"","overlay-type":"","overlay-color":"","overlay-opacity":"","overlay-gradient":""}},"footnotes":""},"class_list":["post-103","page","type-page","status-publish","hentry"],"jetpack_sharing_enabled":true,"jetpack_likes_enabled":true,"_links":{"self":[{"href":"https:\/\/madeforhumans.ca\/index.php\/wp-json\/wp\/v2\/pages\/103","targetHints":{"allow":["GET"]}}],"collection":[{"href":"https:\/\/madeforhumans.ca\/index.php\/wp-json\/wp\/v2\/pages"}],"about":[{"href":"https:\/\/madeforhumans.ca\/index.php\/wp-json\/wp\/v2\/types\/page"}],"author":[{"embeddable":true,"href":"https:\/\/madeforhumans.ca\/index.php\/wp-json\/wp\/v2\/users\/1"}],"replies":[{"embeddable":true,"href":"https:\/\/madeforhumans.ca\/index.php\/wp-json\/wp\/v2\/comments?post=103"}],"version-history":[{"count":5,"href":"https:\/\/madeforhumans.ca\/index.php\/wp-json\/wp\/v2\/pages\/103\/revisions"}],"predecessor-version":[{"id":178,"href":"https:\/\/madeforhumans.ca\/index.php\/wp-json\/wp\/v2\/pages\/103\/revisions\/178"}],"wp:attachment":[{"href":"https:\/\/madeforhumans.ca\/index.php\/wp-json\/wp\/v2\/media?parent=103"}],"curies":[{"name":"wp","href":"https:\/\/api.w.org\/{rel}","templated":true}]}}